 6*k + 4. Calculate p(6).
112
Let r(l) = l**2 + 2*l + 2. Give r(5).
37
Let q(m) = -m**2 - 11*m - 7. Calculate q(-9).
11
Let j(h) = 3*h - 78. Give j(26).
0
Let n(x) = -4*x**3 + 4*x**2 - 3*x + 1. Determine n(2).
-21
Let p(h) = -3*h - 132. Calculate p(-21).
-69
Let h(t) = t**2 + 37*t - 36. Determine h(-38).
2
Let u(q) = 127*q**3 + 2*q**2 - 2*q. Give u(1).
127
Let a(d) = -d**2 - 6*d. What is a(-5)?
5
Let q(k) = -k**2 - 10*k + 7. Calculate q(-12).
-17
Let o(l) = -l**2 - 27*l + 167. Give o(-32).
7
Let m(w) = 2*w**3 + 15*w**2 - 38*w + 4. What is m(2)?
4
Let l(f) = f**3 + 5*f**2 + 2*f - 4. Determine l(-4).
4
Let p(s) = -19*s + 9. Give p(2).
-29
Let x(v) = v**2 + 4*v - 44. Give x(5).
1
Let q(j) = j**3 + j - 7. Calculate q(-3).
-37
Let h(v) = 10*v - 91. Give h(10).
9
Let w(k) = k - 19. Calculate w(15).
-4
Let f(w) = w**2 - 3*w - 34. Determine f(8).
6
Let p(l) = -8*l + 22. Determine p(-6).
70
Let o(b) = -b**2 - 15*b - 16. Give o(-13).
10
Let o(g) = -g**2 + 8*g + 12. Calculate o(10).
-8
Let w(a) = 30*a**2 + 3*a + 1. Determine w(-1).
28
Let u(k) = 18*k - 68. What is u(5)?
22
Let p(s) = -s + 1. Calculate p(7).
-6
Let p(m) = 6*m - 61. Give p(8).
-13
Let s(f) = -17*f - 23. What is s(-2)?
11
Let t(h) = h**2 + 8. Determine t(-6).
44
Let l(h) = h**3 + 5*h**2 - 16*h - 65. Give l(-6).
-5
Let w(l) = -166*l + 1. Give w(0).
1
Let a(d) = -4*d - 22. Give a(-14).
34
Let p(r) = 14*r + 3. What is p(3)?
45
Let f(v) = -7*v + 4. Calculate f(7).
-45
Let m(l) = l**3 - 6*l**2 - 6*l - 5. Determine m(7).
2
Let g(z) = -z**3 + z**2 + 78. What is g(0)?
78
Let q(y) = -11*y - 11. Determine q(-2).
11
Let a(g) = -g**3 - 2*g**2 - 19. Calculate a(0).
-19
Let w(m) = -27*m**2 - 6*m - 5. What is w(-1)?
-26
Let r(a) = 2*a. Determine r(5).
10
Let k(q) = 6*q - 4. Calculate k(-7).
-46
Let h(g) = 3*g**2 + 7*g - 1. Calculate h(-3).
5
Let c(f) = 7*f + 3. Calculate c(-4).
-25
Let x(q) = q**2 - 7*q - 4. Give x(4).
-16
Let m(n) = n**3 + 5*n**2 + 2*n - 1. Give m(-5).
-11
Let w(p) = -2*p**2 + 7*p - 20. Determine w(9).
-119
Let o(j) = j**2 - 3*j - 56. Calculate o(0).
-56
Let t(k) = 16*k**2 + k. What is t(1)?
17
Let p(s) = -s**3 - 5*s**2 + 16*s + 14. Determine p(3).
-10
Let a(b) = -b**2 - 9*b + 44. Give a(-12).
8
Let b(t) = 52*t - 205. Determine b(4).
3
Let c(s) = 7*s**2 + 27*s - 6. What is c(-5)?
34
Let b(z) = 10*z - 20. Calculate b(7).
50
Let d(s) = -6*s**2 + 3*s + 7. What is d(4)?
-77
Let c(d) = d**2 + 7*d - 38. Determine c(-11).
6
Let n(c) = -2*c**3 - 2*c - 3. Determine n(-2).
17
Let h(t) = -6*t - 46. What is h(-13)?
32
Let a(t) = t + 7. Give a(2).
9
Let d(z) = z**2 - 14*z - 15. What is d(16)?
17
Let s(r) = -r**3 + 25*r**2 + r + 3. Determine s(25).
28
Let o(q) = q**2 - 10*q + 20. Determine o(4).
-4
Let p(o) = -13*o + 29. Give p(2).
3
Let j(f) = f**3 - 18*f**2 + 34*f - 43. What is j(16)?
-11
Let n(u) = 20*u + 38. Calculate n(3).
98
Let k(i) = -22*i - 158. Calculate k(-11).
84
Let l(w) = -w**2 - 17*w - 42. Calculate l(-15).
-12
Let g(h) = h**3 - 3*h**2 - 8*h + 4. Determine g(5).
14
Let i(s) = -39*s + 292. Calculate i(8).
-20
Let g(w) = w - 12. Calculate g(10).
-2
Let c(w) = -w**2 + 5*w + 9. Give c(6).
3
Let l(q) = 7*q**2 + 2*q + 1. What is l(-2)?
25
Let g(r) = 12*r**3 - 3*r**2 - 4*r - 5. What is g(-2)?
-105
Let s(d) = 3*d - 9. Give s(5).
6
Let g(r) = r**3 + 13*r**2 - r + 4. Give g(-13).
17
Let u(q) = -q - 71. What is u(0)?
-71
Let j(d) = 2*d + 21. Calculate j(3).
27
Let n(w) = w**3 + 24*w**2 + 6*w + 135. Calculate n(-24).
-9
Let c(b) = b**3 - 7*b + 2. What is c(3)?
8
Let v(d) = -d**3 - 12*d**2 + 14*d + 12. Determine v(-13).
-1
Let q(y) = 3*y**2 - 10*y - 4. What is q(4)?
4
Let p(o) = -11*o + 25. Calculate p(2).
3
Let n(j) = -j**2 + 11*j - 10. What is n(7)?
18
Let z(b) = b**3 - 19*b**2 + 4*b - 64. What is z(19)?
12
Let h(v) = 2*v**2 + 2. Give h(-5).
52
Let u(v) = v**2 - 6*v - 18. What is u(9)?
9
Let f(a) = 13*a + 73. What is f(-5)?
8
Let g(p) = p - 32. Determine g(7).
-25
Let u(s) = s**2 + 20*s + 26. Calculate u(-19).
7
Let t(q) = -q**2 - 3*q. What is t(-4)?
-4
Let r(l) = 5*l**2 + 400*l. Calculate r(-80).
0
Let u(d) = d**3 + 5*d**2 - 2*d - 5. What is u(-5)?
5
Let u(i) = i - 14. Calculate u(33).
19
Let q(r) = 3*r - 5. Determine q(1).
-2
Let b(y) = y**3 + 9*y**2 + 10*y + 4. Calculate b(-8).
-12
Let u(v) = -v**3 - v**2 - 5*v - 4. Calculate u(-2).
10
Let n(d) = -5*d - 280. Give n(-57).
5
Let i(p) = -p**2 + 5*p + 8. What is i(7)?
-6
Let w(s) = -s**3 - 15*s**2 + 21*s + 8. Determine w(-16).
-72
Let f(q) = 3*q**2 + 38*q + 74. Calculate f(-12).
50
Let y(i) = 3*i**2 - 3*i - 9. Calculate y(-2).
9
Let h(a) = a - 1. Determine h(-13).
-14
Let g(p) = -10*p**2 + 17*p - 41. What is g(3)?
-80
Let r(b) = -4*b**2 + 2*b + 5. What is r(3)?
-25
Let l(c) = c**2 + 5*c - 3. Determine l(-7).
11
Let j(p) = -p**3 + 6*p**2 + 6*p - 2. Give j(7).
-9
Let i(a) = -a**2 + a. Determine i(-3).
-12
Let l(d) = d**3 - 12*d**2 - 10*d - 36. Calculate l(13).
3
Let w(b) = -5*b**2 - 2*b - 2. Give w(1).
-9
Let v(u) = 2*u**2 + 9*u - 21. Calculate v(6).
105
Let k(q) = q + 7. Determine k(-6).
1
Let h(l) = l - 12. What is h(20)?
8
Let a(l) = 2*l - 20. Give a(18).
16
Let i(x) = 2*x + 15. Determine i(-12).
-9
Let a(i) = -21*i - 4. Calculate a(3).
-67
Let a(w) = -3*w + 2. Determine a(-7).
23
Let o(g) = -3*g**2 + 9*g - 20. Give o(5).
-50
Let b(g) = -42*g + 123. Calculate b(3).
-3
Let w(b) = -7*b**3 + 2*b**2 + b. What is w(-1)?
8
Let m(z) = z + 4. Determine m(-13).
-9
Let l(a) = -2*a**3 + 3*a**2 + 5*a - 3. What is l(3)?
-15
Let m(h) = -5*h + 82. Determine m(14).
12
Let r(a) = 7*a + 51. Determine r(-13).
-40
Let y(o) = -3*o - 13. What is y(-5)?
2
Let p(x) = x**2 - 3. Calculate p(3).
6
Let y(s) = s**3 - 5*s**2 - 3*s + 1. Calculate y(5).
-14
Let q(d) = d**2 - 23*d + 27. Give q(22).
5
Let o(z) = 13*z - 45. Determine o(3).
-6
Let g(z) = -z**3 - z**2 + 13*z + 18. Calculate g(-3).
-3
Let m(n) = 8*n**3 + n**2 - n - 1. Determine m(-2).
-59
Let v(p) = p**2 + 4*p - 4. Determine v(4).
28
Let x(h) = 10*h - 22. Determine x(3).
8
Let o(r) = -r**2 + 34*r - 220. Calculate o(25).
5
Let b(p) = 19*p**2 + 72*p + 4. Determine b(-4).
20
Let z(a) = -a**2 - 10*a - 11. What is z(-5)?
14
Let n(f) = 8*f - 506. Determine n(64).
6
Let r(m) = -m**3 + 3*m**2 + 11*m + 3. Determine r(5).
8
Let l(m) = -m**3 + 12*m**2 - 2*m + 14. Determine l(12).
-10
Let w(v) = -2*v**3 - 9*v**2 + 14*v + 19. Calculate w(-5).
-26
Let f(l) = -3*l**2 - 9*l - 5. Give f(-4).
-17
Let x(q) = q**3 + 2*q**2 - 5*q - 5. Determine x(-2).
5
Let j(f) = -f**3 + 27*f**2 - 26*f - 8. Give j(26).
-8
Let a(j) = j**3 - 7*j**2 - 23*j. Give a(-3).
-21
Let w(k) = 6*k + 10. Calculate w(0).
10
Let w(f) = 109*f**2 + f - 1. Give w(1).
109
Let b(n) = -2*n + 19. What is b(12)?
-5
Let v(f) = -2*f - 7. What is v(-3)?
-1
Let a(u) = -u + 2. Determine a(18).
-16
Let t(r) = 2*r**3 - r**2 + 6*r - 16. Determine t(4).
120
Let s(l) = l**3 - 11*l**2 + 32*l - 6. Calculate s(6).
6
Let b(i) = i**2 + 10*i + 14. Give b(-6).
-10
Let o(m) = m**3 - 16*m**2 + 5*m - 35. Calculate o(16).
45
Let f(c) = -13*c**2 - 2*c. Calculate f(2).
-56
Let m(v) = -2*v**2 + 26*v - 79. Determine m(5).
1
Let n(a) = a**3 - 17*a**2 + 55*a - 28. Give n(13).
11
Let o(m) = m**3 - 4*m**2 + 4*m - 4. Give o(2).
-4
Let u(k) = -3*k + 6. Give u(3).
-3
Let z(c) = -c**3 - 22*c**2 - 4*c - 88. Give z(-22).
0
Let p(d) = -d**3 - 6*d**2 + 8*d + 7. What is p(-7)?
0
Let x(k) = -23*k - 83. Give x(-4).
9
Let s(n) = n**2 + 5*n - 3. Calculate s(-5).
-3
Let b(v) = v**2 - 5*v - 15. Determine b(-6).
51
Let s(o) = o + 1. What is s(6)?
7
Let y(c) = -c**3 - 6*c**2 - 7*c. What is y(-4)?
-4
Let u(c) = -30*c - 118. What is u(-4)?
2
Let u(j) = -26*j**2 - 2*j - 1. Determine u(-1).
-25
Let s(t) = -3*t**2 - t - 1. Give s(0).
-1
Let q(i) = i**3 - 6*i**2 - 8*i - 8. Determine q(7).
-15
Let o(w) = w**3 - w**2 + 4*w. Calculate o(2).
12
Let c(w) = w**2 + 5*w - 4. Give c(3).
20
Let n(r) = 21*r**2 + 3*r - 2. Determine n(1).
22
Let h(z) = 3*z - 19. Determine h(10).
11
Let m(x) = -3*x**2 + 13*x - 16. What is m(4)?
-12
Let x(l) = -2*l**3 - 5*l**2 - 3*l - 2. Calculate x(-3).
16
Let d(c) = c + 21. Calculate d(-11).
10
Let d(i) = i**3 + 6*i**2 + 3*i + 7. Determine d(-6).
-11
Let y(m) = m**3 + 3*m**2 - 8*m + 6. Give y(-5).
-4
Let h(v) = 12*v**2 - v + 1. What is h(-1)?
14
Let c(u) = -u**2 + 9*u + 2. Determine c(7).
16
Let d(f) = 